pose k - 15 = l. Does 12 divide k?
True
Suppose -3*v = -5*v - 2*x + 938, 958 = 2*v - 3*x. Does 27 divide v?
False
Does 14 divide (-244)/((128/12)/(-8))?
False
Suppose 2*x + 11 = u - 352, 4*u + x = 1461. Is u a multiple of 73?
True
Suppose 156 = v - 2*i + 3*i, -12 = -4*i. Suppose -7*k + v = -6*k. Is k a multiple of 17?
True
Let r = -18 + 10. Let k = 6 + r. Let g = k + 10. Is 2 a factor of g?
True
Let r be 15/(5*5/125). Let j be (r - -13) + 4/1. Suppose 58 = 3*l - 5*i, -4*l = -i - 2*i - j. Does 20 divide l?
False
Let m(d) = -d**2 - 3*d. Let i be m(-3). Let n be 3 - 1 - (0 - i). Suppose 2*o - 32 = -3*j - n*j, -8 = -2*j. Is o a multiple of 3?
True
Let i(q) = 3*q**3 + 29*q**2 + 20*q + 5. Does 50 divide i(-8)?
False
Let g = -1761 - -6350. Is g a multiple of 13?
True
Let t = 2577 + -971. Is 20 a factor of t?
False
Suppose 72*h - 69*h - 2943 = 0. Is h a multiple of 18?
False
Let y be (-64)/((-6)/3 + 24/9). Is 4 a factor of (y/(-7))/((-6)/(-42))?
True
Suppose 20*s = 33*s - 9724. Does 11 divide s?
True
Let h(g) = -12 + 4 - 1 - 6*g. Let u be h(-6). Suppose -2*m + 4*i - 5 + u = 0, 2*m + 2*i = 4. Is 3 a factor of m?
False
Let s = -1040 + 1069. Does 29 divide s?
True
Suppose -7*o = -3*o - 1248. Suppose -10*z - 3*z + o = 0. Is 12 a factor of z?
True
Let f = -198 - -95. Let o = f - -283. Is 21 a factor of o?
False
Let k(v) = 21*v**3 - 2*v**2 + 3*v - 1. Let u(w) = -w**3 + w**2 - w - 1. Let i(p) = -k(p) - 4*u(p). Is i(-2) a multiple of 16?
False
Suppose -h = h + 2. Is 3 a factor of h/(-3) - (-220)/33?
False
Suppose -10609 - 5951 = -36*c. Is 6 a factor of c?
False
Suppose -a + s = -5*a + 11, 2*a - 9 = 3*s. Suppose -81 = -3*f + f + 5*y, -a*f = 2*y - 74. Does 13 divide f?
False
Suppose -2*k = -5*k + 4*r + 31, -2*r - 13 = -k. Suppose -328 - 372 = -k*m. Does 14 divide m?
True
Let l(o) = -12*o - 25. Suppose r = -0*k - k - 16, -3*r + 24 = -3*k. Does 17 divide l(k)?
True
Is 34 a factor of (-57)/(252/88 + -2 + -1)?
False
Let c(z) = -2*z**2 - 3*z. Let p be c(-4). Let d be ((-15)/(-6))/(p/(-16)). Suppose 4*u - 6 = d*n - 2, -3*n + u + 9 = 0. Is n a multiple of 2?
True
Let n = -761 + 1223. Does 7 divide n?
True
Suppose -1333 = 24*b - 6829. Is 6 a factor of b?
False
Suppose -4*x - 3*h - 2*h + 32 = 0, 0 = -4*x + 3*h. Suppose 0 = -4*i + 3*w + 7, 6 = 5*i - 4*w - x. Does 4 divide (-585)/(-36) - i/4?
True
Suppose 2065 = 10*v - 3215. Is 9 a factor of v?
False
Suppose 3*y + 2*l - 215 = 0, 4*l - 92 = -y - 7. Is y a multiple of 23?
True
Suppose -30 = 49*c - 44*c. Is 13 a factor of -4*((-26)/c)/((-4)/6)?
True
Let p = -34 + 38. Let m(q) = -1 + p + 1 - q. Does 3 divide m(-2)?
True
Let b(t) = 404*t**2 + 32*t - 105. Is b(3) a multiple of 13?
True
Let h(s) = 6*s**3 + s**2 - 2*s - 2. Let p be h(-2). Let d = p - -20. Let r = d - -44. Does 22 divide r?
True
Suppose 2*o = 6*o - 40. Let h = 41 - o. Does 4 divide h?
False
Let c(k) = -3*k + 555. Does 3 divide c(-41)?
True
Suppose -3 = 3*j - 15. Suppose j*a - 7 = 49. Does 14 divide a?
True
Suppose 3*u = f + u - 1, 24 = 3*f + u. Suppose 0 = 2*p - f*p + 85. Does 17 divide p?
True
Let y(n) = 20*n**2 - 12*n - 34. Is 13 a factor of y(-3)?
True
Let u be 6/(-14) + 114/21. Let j = -21 - -35. Suppose -j = -4*p - v, -u*p + 5 = 4*v - 7. Is 2 a factor of p?
True
Is 4 a factor of (-28 + -8)/(1/(-4))?
True
Let t be (-1 + 3)/(-5 + 6). Suppose t*v - 6*v = -16. Does 4 divide v?
True
Is 9 a factor of (-2)/5 + 3741/215?
False
Does 23 divide 101/(1/13*19/19)?
False
Let m(h) be the first derivative of -h**2/2 + 6*h - 2. Let l be m(6). Suppose -3*p = l, 36 = -g + 5*g + 5*p. Is 9 a factor of g?
True
Let s(n) = 11*n + 1. Let m be s(-13). Let y = 92 + m. Let r = y - -104. Does 21 divide r?
False
Let b(g) = -g**2 + 16. Let s be b(-9). Let q = s - -89. Is q a multiple of 8?
True
Let z be (-1)/((-30)/14 - -2). Let d(f) be the second derivative of f**4/12 - f**3/3 + 3*f**2 - 14*f. Is 18 a factor of d(z)?
False
Suppose 5*d + h - 793 = 0, 5*d - h + 3*h - 791 = 0. Suppose d + 41 = -5*p. Let q = p - -55. Is q a multiple of 7?
False
Let u = -466 - -574. Is 51 a factor of u?
False
Let m(b) = -62*b + 6. Let v(u) = u - 1. Let a(r) = -2*m(r) - 14*v(r). Let s = -20 + 21. Is 23 a factor of a(s)?
False
Let p(f) = 4*f - 3*f + 3 - 2*f - f. Is p(-2) even?
False
Let w(g) = 6*g**3 - 7*g**2 - 7*g + 7. Let m(o) = 7*o**3 - 7*o**2 - 8*o + 8. Suppose -2*r = 3 + 9. Let l(c) = r*w(c) + 5*m(c). Is l(7) a multiple of 5?
False
Does 3 divide ((-2)/(-6) + 15/90)*28?
False
Let v(y) = y**3 - 3*y**2 - 5*y + 4. Let m be (-2 + 5)/((-6)/(-8)). Let s be v(m). Let w(j) = -j**3 + 2*j**2 + j + 20. Does 10 divide w(s)?
True
Let c = 771 + -33. Does 9 divide c?
True
Let h = -19 - 13. Let a = -16 - h. Is 6 a factor of a?
False
Let t(s) = -2*s**3 + 12*s**2 + 6*s - 29. Is t(5) a multiple of 3?
True
Let y = 42 - 40. Is (-3)/y*(-336)/9 a multiple of 13?
False
Suppose 3*g - 4*v - 586 = 0, -968 = -5*g - 3*v + v. Does 16 divide g?
False
Let r be (-20)/(-70) - (-187)/7. Let w = 12 + r. Does 39 divide w?
True
Let d = 1017 - 158. Is d a multiple of 55?
False
Let d(i) = 3*i**3 + 2*i**2 + 2. Let f(j) = -2*j**3 - j**2 - 1. Let n(y) = -4*d(y) - 7*f(y). Let x = -7 + 10. Is n(x) a multiple of 12?
False
Suppose 2*v - 4*p + 52 = 6*v, 3*p - 3 = 0. Let n = -10 + v. Suppose 0 = -n*o + 5*a - 2*a + 72, -3*a - 108 = -3*o. Is o a multiple of 9?
True
Let x be 8/(-28) - 330/21. Let p = x - -17. Let v(z) = 10*z**2 + z - 1. Is 5 a factor of v(p)?
True
Let l(o) = o**3 - 4*o**2 + o - 4. Let h be l(4). Suppose h = 12*p - 7*p - 20. Is 14/p + (-3)/(-6) a multiple of 3?
False
Let a = -22 + 24. Suppose -a = -4*f + 18. Suppose -y + f + 8 = 0. Does 4 divide y?
False
Suppose -3*g + 2*o = -1894, 2*g = 4*o + o + 1270. Is g a multiple of 18?
True
Is 226 + (-1 - 3) + (10 - 9) a multiple of 8?
False
Let t(f) = -f + 4. Let z be t(4). Suppose 1 - 10 = -3*k. Suppose z = -k*s + 191 - 17. Does 23 divide s?
False
Let j = -3143 + 4787. Is j a multiple of 40?
False
Let r(n) = n**3 + 43*n**2 + 73*n + 82. Is 11 a factor of r(-41)?
True
Let n = 700 + -550. Is 15 a factor of n?
True
Let r(s) = 428*s**2 + 23*s - 42. Does 11 divide r(2)?
True
Is -4 + (-7)/(42/(-594)) a multiple of 19?
True
Is 18 a factor of 9/99 + (-406)/(-11)?
False
Is 22 a factor of 484/10*(3 - 12/(-6))?
True
Suppose 0 = 4*r + 3*c - 3465, 35 + 835 = r - 3*c. Is 51 a factor of r?
True
Suppose -4*x + 11 = 5*b, x - 5*b + 3 = 3*x. Does 30 divide (-1796)/(-10) - x/(-10)?
True
Suppose 6*m - 7*m - 16 = 0. Let t(d) = 43*d**3 + 1. Let r be t(1). Let y = r + m. Is y a multiple of 13?
False
Let x = -482 - -966. Is 11 a factor of x?
True
Let t = 576 - 388. Does 45 divide t?
False
Suppose 5*f - h - 123 - 777 = 0, 3*h = -2*f + 343. Is 22 a factor of f?
False
Let f be -4 + 9/(5/5). Suppose 20 = f*v - 65. Is 17 a factor of v?
True
Suppose 3*q = 5*g - 0 + 15, 0 = q - 5*g - 15. Let v be (q + -206)*(-3)/6. Suppose v + 17 = 5*l - 5*x, -3*l = 3*x - 48. Is 6 a factor of l?
False
Let l(c) = 24*c - 6. Is l(31) a multiple of 82?
True
Let j = 488 + -383. Is 7 a factor of j?
True
Let v be (-2)/((-1)/((-4)/(-8))). Suppose -5*j - a + 213 = 0, 3*j + 3*a + v = 136. Does 7 divide j?
True
Suppose 5*r = 3*y + 1226, -2*y + 8 = 2. Is r a multiple of 19?
True
Suppose -2*j - 608 = -4*z, 7*z + 3*j + 142 = 8*z. Does 7 divide z?
True
Let f = 8 - 10. Let j = 1 - f. Is (-196)/(-8) + j/(-2) a multiple of 20?
False
Let p = -152 - -409. Is p a multiple of 12?
False
Let u = 1229 - 579. Is u a multiple of 19?
False
Suppose -5*z - 2003 + 6318 = 0. Is z a multiple of 45?
False
Let t = 183 - 58. Suppose -h - 4*f - 85 = 0, -3*h - 5*f = -f + 255. Let p = t + h. Does 11 divide p?
False
Let c be 2/6*3*5. Suppose u = c*m - 2*u - 242, 0 = 4*m + 3*u - 199. Let f = 72 - m. Is f a multiple of 20?
False
Suppose 2*a - 5*s = -0*a + 100, -2*s + 112 = 3*a. Is (-6)/(9/(-15) - (-12)/a) a multiple of 4?
True
Let y be (-4)/((-20)/25)*1. Suppose y*b - 20 = -0*b. Suppose -s = -b - 15. Is s a multiple of 8?
False
Let a be (-6)/10 + 2*39/30. Is (-11)/(77/(-2226))*a/4 a multiple of 41?
False
Let g = 248 + 54. Let d = g - 177. Is 25 a factor of d?
True
Let s be (7 - 7) + 18 + 0. Let v be 3/s + (-25)/6. Does 14 divide (-39 + (v - -1))*-1?
True
Let a = 19 + 159. Is a a multiple of 11?
False
Let o be 65/15*3 - -2. Suppose 2*w + 5*q = 10, 2*w + 3*q - o = 3. Is 13 a factor of w?
